-13).
-63
Let c(t) = t**3 + 37*t**2 - 45*t - 243. Determine c(-38).
23
Let o(l) = -l**2 - 53*l - 289. What is o(-36)?
323
Let y(z) = z**3 + 21*z**2 - 16*z + 127. Give y(-22).
-5
Let k(v) = -2*v**3 + 46*v**2 + 56*v - 210. Give k(24).
-18
Let p(g) = -3*g**2 + 111*g - 488. What is p(5)?
-8
Let s(t) = -6*t + 139. Determine s(6).
103
Let f(b) = -2*b**2 - 72*b + 26. Determine f(-36).
26
Let v(s) = 122*s**2 - 111*s - 6. Give v(0).
-6
Let i(w) = -80*w + 8707. What is i(112)?
-253
Let k(b) = -b**3 - 51*b**2 + 162*b - 34. Determine k(-54).
-34
Let h(b) = b**3 - 239*b**2 - 50*b + 11892. Give h(239).
-58
Let m(w) = w**3 + 14*w**2 + 29*w + 19. What is m(-12)?
-41
Let z(b) = 692*b + 710. Determine z(-1).
18
Let w(l) = -685*l + 2720. Determine w(4).
-20
Let p(s) = 5*s**3 - 17*s**2 - 10*s + 35. Calculate p(3).
-13
Let t(s) = -s**3 - 25*s**2 - 16*s - 205. Calculate t(-25).
195
Let c(g) = 5*g**2 - 162*g - 161. Determine c(-1).
6
Let o(i) = 276*i + 24300. What is o(-88)?
12
Let z(v) = 124*v - 2454. Calculate z(20).
26
Let d(q) = -q**3 + 10*q**2 - 43*q + 193. Calculate d(8).
-23
Let h(t) = t**2 + 15*t - 80. What is h(-17)?
-46
Let r(f) = f**3 - 8*f**2 - 13*f - 24. Determine r(10).
46
Let z(r) = r**3 - 15*r**2 + 35*r - 24. What is z(12)?
-36
Let u(j) = j**3 + 8*j**2 + 37*j - 20. What is u(-4)?
-104
Let z(u) = -1962*u - 3923. Give z(-2).
1
Let q(v) = 294*v - 6126. What is q(21)?
48
Let u(t) = -71*t - 5112. Calculate u(-72).
0
Let h(u) = 2*u**2 + 144*u - 7214. Calculate h(34).
-6
Let y(g) = g**2 - 1379*g + 87910. What is y(67)?
6
Let m(s) = 8*s**3 - 53*s**2 - 35*s + 97. Give m(7).
-1
Let n(p) = -p**3 + 11*p**2 - 460*p + 2553. Give n(6).
-27
Let r(i) = -i**3 + 4*i**2 + 8*i + 16. Give r(4).
48
Let z(a) = -2*a**2 + 31*a + 179. Give z(20).
-1
Let i(u) = -2139*u - 2141. Calculate i(-1).
-2
Let t(a) = -a**2 + 3*a + 997. Determine t(33).
7
Let t(n) = 1122*n - 35925. What is t(32)?
-21
Let x(d) = 2*d**2 + 19*d - 3. Calculate x(-9).
-12
Let v(p) = -3*p**2 + 156*p - 1140. Determine v(43).
21
Let p(h) = h**3 - 5*h**2 - 3*h + 41. Calculate p(5).
26
Let r(v) = 2*v**3 + 15*v**2 + 15*v + 33. Determine r(-7).
-23
Let j(v) = v**2 + 79*v - 20161. Give j(-187).
35
Let n(z) = z**2 + 58*z - 938. Determine n(-71).
-15
Let y(v) = 2025*v + 24305. Give y(-12).
5
Let q(o) = 11*o**2 + 210*o - 15. Calculate q(-19).
-34
Let c(f) = -30*f + 4638. What is c(153)?
48
Let b(r) = r**2 - 687*r - 3474. Give b(-5).
-14
Let z(o) = -8*o**2 + 82*o - 53. Determine z(10).
-33
Let x(b) = -b - 34. What is x(-41)?
7
Let p(h) = h**2 + 43*h - 105. Give p(-47).
83
Let a(m) = -150*m - 2407. Calculate a(-16).
-7
Let b(h) = h**2 + 51*h + 366. What is b(-52)?
418
Let m(l) = 50*l**3 + 39*l**2 + 3*l - 1. Give m(-1).
-15
Let y(a) = -a**2 - 4*a + 5. Calculate y(-3).
8
Let v(f) = 33*f - 2838. What is v(87)?
33
Let w(z) = 1113*z - 4455. Determine w(4).
-3
Let m(a) = a**3 + 35*a**2 + 523*a + 9152. Calculate m(-28).
-4
Let w(p) = -p**3 - 25*p**2 + 24*p - 43. What is w(-26)?
9
Let v(d) = -d**3 - 14*d**2 + 86*d - 198. Determine v(-19).
-27
Let w(b) = 4*b**2 + 9*b - 2. Calculate w(-1).
-7
Let x(n) = 161*n - 2236. Calculate x(14).
18
Let j(q) = 3*q - 246. Determine j(6).
-228
Let z(g) = g**2 + 47*g - 783. Give z(-60).
-3
Let d(f) = -6*f - 2. What is d(17)?
-104
Let b(z) = z**2 + 46*z + 504. What is b(-28)?
0
Let g(p) = -p**2 + 240*p - 10435. Calculate g(183).
-4
Let h(g) = -3060*g - 39782. Determine h(-13).
-2
Let z(g) = 6*g**2 - 7*g - 42. Determine z(-4).
82
Let d(n) = -43*n**2 + 90*n + 89. Give d(-1).
-44
Let q(a) = a**2 - 65*a - 3780. Determine q(-37).
-6
Let n(a) = -5622*a + 106828. Calculate n(19).
10
Let f(s) = -4*s**2 + 187*s - 1591. Determine f(11).
-18
Let d(c) = 1940*c + 5837. Give d(-3).
17
Let p(t) = -6*t**2 + 3*t - 47. What is p(0)?
-47
Let m(t) = -t**2 - 11*t + 152. Give m(9).
-28
Let m(z) = -z**2 - 32*z - 122. Determine m(-29).
-35
Let v(j) = 11*j**2 + 4*j + 11. Calculate v(-3).
98
Let o(c) = 40*c**2 + 158*c - 6. Determine o(-4).
2
Let t(w) = -11*w**2 + 3*w - 10. Calculate t(4).
-174
Let k(u) = 408*u - 1381. Give k(5).
659
Let f(u) = 2094*u - 12569. Determine f(6).
-5
Let r(u) = -13*u - 102. Calculate r(7).
-193
Let a(n) = n**2 + 8*n - 104. Determine a(-10).
-84
Let m(s) = -547*s - 22969. Determine m(-42).
5
Let x(j) = -147*j - 4128. Calculate x(-28).
-12
Let k(t) = 28*t - 350. Give k(12).
-14
Let n(k) = 2*k**2 + 463*k + 10513. Give n(-206).
7
Let d(w) = -w**3 + 22*w**2 - 63*w - 47. Determine d(20).
-507
Let w(g) = g**2 - 13*g + 43. Give w(9).
7
Let m(n) = -2*n**2 + 47*n + 270. Give m(28).
18
Let z(p) = -6*p**3 - 24*p**2 + 5*p + 13. Calculate z(-1).
-10
Let y(d) = 5657*d - 33960. What is y(6)?
-18
Let q(w) = w**3 + 11*w**2 + 37*w + 214. Determine q(-7).
151
Let q(f) = -2*f**2 + 51*f - 149. Determine q(22).
5
Let t(g) = -g**2 - 18*g - 4. Determine t(-16).
28
Let s(d) = -d**2 + 12*d + 21. What is s(14)?
-7
Let g(q) = 23*q - 228. What is g(8)?
-44
Let g(b) = 2*b**3 - 28*b**2 - 32*b + 9. What is g(15)?
-21
Let k(t) = t**2 - 4*t - 54. What is k(9)?
-9
Let l(g) = -g**2 - 4*g + 148. Determine l(-14).
8
Let q(d) = -d**2 - 104*d + 2176. Determine q(17).
119
Let t(j) = -j**2 - 26*j + 1374. Calculate t(24).
174
Let f(v) = 26*v**2 + 225*v - 84. Determine f(-9).
-3
Let k(i) = 4617*i - 4607. Give k(1).
10
Let p(x) = -2*x**3 + 77*x**2 - 22*x - 46. Give p(38).
562
Let f(p) = p**3 + 728*p**2 - 13426*p + 12. Determine f(18).
48
Let y(p) = -4*p**2 - 90*p + 194. Calculate y(-24).
50
Let u(d) = -2*d**2 - 30*d - 105. Calculate u(-5).
-5
Let z(k) = 28*k - 523. Give z(19).
9
Let c(y) = -15*y + 298. Calculate c(25).
-77
Let m(q) = 6*q + 144. Calculate m(-23).
6
Let u(j) = 44*j + 1553. Calculate u(-35).
13
Let m(f) = f**2 - 115*f + 3319. Determine m(57).
13
Let m(y) = y**3 + 20*y**2 + 20*y + 369. What is m(-20)?
-31
Let b(n) = -n**3 - 33*n**2 - 218*n - 24. Calculate b(-24).
24
Let r(i) = 3*i**3 - 2*i**2 + 8*i - 8. Determine r(3).
79
Let k(z) = z**2 + 120*z + 792. Determine k(-113).
1
Let p(f) = 9*f**2 - 15*f + 19. Determine p(5).
169
Let r(m) = -3*m**3 - 38*m**2 - 8*m - 134. Determine r(-14).
762
Let b(m) = -76*m**2 + 538*m. Calculate b(7).
42
Let m(f) = -2*f + 7. What is m(37)?
-67
Let i(m) = -2*m**2 + 232*m - 3877. Determine i(21).
113
Let w(z) = 20*z - 807. Give w(55).
293
Let g(s) = 72*s + 304. Determine g(-4).
16
Let t(w) = w**3 - 13*w**2 - 379*w + 32. Give t(27).
5
Let a(f) = f**2 - 484*f + 1449. Give a(3).
6
Let t(z) = -3*z**3 - 62*z**2 - 44*z - 77. Give t(-20).
3
Let a(m) = m**2 + 8*m - 177. Calculate a(-18).
3
Let z(j) = -3*j**2 + 53*j + 62. Determine z(8).
294
Let o(t) = 108*t**2 - 73*t - 75. Calculate o(-1).
106
Let d(v) = -v**3 - 23*v**2 + 25*v - 1382. Calculate d(-26).
-4
Let r(i) = 54*i + 1083. What is r(-23)?
-159
Let x(p) = p**2 + 2*p - 104. What is x(-9)?
-41
Let z(o) = -o**3 - 7*o**2 - 9*o + 10. Give z(-4).
-2
Let x(m) = 2*m**3 + 8*m**2 - 25*m - 72. What is x(-4)?
28
Let j(b) = 13*b**3 + 428*b**2 - 475*b + 36. What is j(-34)?
2
Let s(n) = -3*n**2 - 122*n - 77. What is s(-40)?
3
Let x(n) = 4*n**3 - 36*n**2 - 3*n - 8. Calculate x(9).
-35
Let t(y) = -y**2 + 35*y - 116. Calculate t(10).
134
Let l(p) = -2*p**3 - 5*p**2 + 11*p - 7. Determine l(1).
-3
Let y(z) = -11*z**3 + 2*z**2 - 45*z - 46. Determine y(-1).
12
Let y(a) = -2*a**2 - 89*a + 16. Give y(-44).
60
Let y(f) = -14225*f - 56898. Give y(-4).
2
Let f(n) = -n**3 + 6*n**2 - 35*n + 124. Calculate f(4).
16
Let l(v) = -201*v + 23. Give l(1).
-178
Let f(n) = -2*n**2 - 257*n + 11446. Calculate f(35).
1
Let f(z) = -z**2 + 24*z - 153. Determine f(29).
-298
Let w(j) = -7*j - 714. Calculate w(-103).
7
Let y(s) = s**2 - 317*s - 3255. Calculate y(-10).
15
Let l(m) = -m**3 - 34*m**2 - 142*m + 93. Determine l(-29).
6
Let o(a) = -a**3 - 10*a**2 + 16*a + 258. What is o(-6)?
18
Let y(x) = x**3 + x**2 - 16*x + 40. What is y(6)?
196
Let u(o) = 154*o**3 + 12*o**2 - 13*o + 2. What is u(1)?
155
Let g(s) = -167*s - 1510. What is g(-9)?
-7
Let t(y) = y**3 - 13*y**2 + 108*y - 1411. Calculate t(13).
-7
Let w(a) = a**2 - 5*a + 3. Determine w(2).
-3
Let o(t) = -t**3 + 41*t**2 - 29*t - 447. Calculate o(40).
-7
Let q(l) = l**3 - l**2 - 6*l + 71. Determine q(-7).
-279
Let f(m) = 5*m**2 - 71*m + 24. Determine f(11).
-152
Let x(p) = -69*p + 659. Calculate x(10).
-31
Let f(k) = k**2 + 15*k - 40. Determ